{"id":21,"date":"2026-02-25T11:16:23","date_gmt":"2026-02-25T11:16:23","guid":{"rendered":"https:\/\/henrys-spielplatz.nicolasgreulich.de\/?page_id=21"},"modified":"2026-02-28T13:33:31","modified_gmt":"2026-02-28T13:33:31","slug":"ueber-mich","status":"publish","type":"page","link":"https:\/\/henrys-spielplatz.nicolasgreulich.de\/index.php\/ueber-mich\/","title":{"rendered":"\u00dcber mich"},"content":{"rendered":"\n<div style=\"height:60px\" aria-hidden=\"true\" class=\"wp-block-spacer\"><\/div>\n\n\n\n<div class=\"wp-block-group alignwide has-global-padding is-layout-constrained wp-block-group-is-layout-constrained\">\n<h3 class=\"wp-block-heading alignwide has-text-align-center has-xx-large-font-size\" style=\"line-height:1.2\"><strong>Ich bin Henry Kurz \u2013 Gr\u00fcnder von Steadysign Ihr Partner f\u00fcr die digitale Welt von morgen<\/strong><\/h3>\n<\/div>\n\n\n\n<div style=\"height:20px\" aria-hidden=\"true\" class=\"wp-block-spacer\"><\/div>\n\n\n\n<div style=\"height:17px\" aria-hidden=\"true\" class=\"wp-block-spacer\"><\/div>\n\n\n\n<p class=\"has-text-align-center\"><\/p>\n\n\n\n<section id=\"wp-block-themeisle-blocks-advanced-columns-6e7afea9\" class=\"wp-block-themeisle-blocks-advanced-columns alignfull has-1-columns has-desktop-equal-layout has-tablet-equal-layout has-mobile-equal-layout has-vertical-flex-start has-dark-bg\"><div class=\"wp-block-themeisle-blocks-advanced-columns-overlay\"><\/div><div class=\"innerblocks-wrap\">\n<div id=\"wp-block-themeisle-blocks-advanced-column-c4b71378\" class=\"wp-block-themeisle-blocks-advanced-column\">\n<section id=\"wp-block-themeisle-blocks-advanced-columns-c9de47f3\" class=\"wp-block-themeisle-blocks-advanced-columns has-2-columns has-desktop-equal-layout has-tablet-equal-layout has-mobile-collapsedRows-layout has-vertical-center\"><div class=\"wp-block-themeisle-blocks-advanced-columns-overlay\"><\/div><div class=\"innerblocks-wrap\">\n<div id=\"wp-block-themeisle-blocks-advanced-column-8efaaa45\" class=\"wp-block-themeisle-blocks-advanced-column\">\n<div id=\"wp-block-themeisle-blocks-advanced-heading-b1a30096\" class=\"wp-block-themeisle-blocks-advanced-heading wp-block-themeisle-blocks-advanced-heading-b1a30096\"><strong>This is an overline<\/strong><\/div>\n\n\n\n<h2 class=\"wp-block-heading has-text-align-left has-base-color has-text-color has-link-color wp-elements-0ce582fb2a6ca9309ad6b0e8f4408c78\">Meine Philosophie<\/h2>\n\n\n\n<p class=\"has-text-align-left has-base-color has-text-color has-link-color wp-elements-9bbe9cc3ded2b6931f35153fb0e67a9e\">Ein exzellentes Webprojekt ist f\u00fcr mich mehr als nur die Summe aus Code und Design. Es ist das digitale Versprechen, das Sie Ihren Kunden geben. Mein Anspruch ist es, dieses Versprechen technisch brillant und \u00e4sthetisch unverwechselbar umzusetzen.<\/p>\n\n\n\n<p class=\"has-base-color has-text-color has-link-color wp-elements-3c6cce6cf70647cc98cac8dc5fd57ded\">Dabei setze ich auf eine partnerschaftliche Zusammenarbeit auf Augenh\u00f6he. Von der ersten strategischen Planung bis zur langfristigen Absicherung durch Monitoring stehe ich Ihnen mit Fachwissen und Leidenschaft zur Seite, um Ihre Marke im digitalen Raum sicher zu verankern.<\/p>\n<\/div>\n\n\n\n<div id=\"wp-block-themeisle-blocks-advanced-column-1a3e76e1\" class=\"wp-block-themeisle-blocks-advanced-column\">\n<figure class=\"wp-block-image size-full\"><img loading=\"lazy\" decoding=\"async\" width=\"899\" height=\"899\" src=\"https:\/\/henrys-spielplatz.nicolasgreulich.de\/wp-content\/uploads\/2026\/02\/WhatsApp-Image-2026-02-25-at-17.02.10-2.jpeg\" alt=\"\" class=\"wp-image-177\" srcset=\"https:\/\/henrys-spielplatz.nicolasgreulich.de\/wp-content\/uploads\/2026\/02\/WhatsApp-Image-2026-02-25-at-17.02.10-2.jpeg 899w, https:\/\/henrys-spielplatz.nicolasgreulich.de\/wp-content\/uploads\/2026\/02\/WhatsApp-Image-2026-02-25-at-17.02.10-2-300x300.jpeg 300w, https:\/\/henrys-spielplatz.nicolasgreulich.de\/wp-content\/uploads\/2026\/02\/WhatsApp-Image-2026-02-25-at-17.02.10-2-150x150.jpeg 150w, https:\/\/henrys-spielplatz.nicolasgreulich.de\/wp-content\/uploads\/2026\/02\/WhatsApp-Image-2026-02-25-at-17.02.10-2-768x768.jpeg 768w\" sizes=\"auto, (max-width: 899px) 100vw, 899px\" \/><\/figure>\n<\/div>\n<\/div><\/section>\n\n\n\n<section id=\"wp-block-themeisle-blocks-advanced-columns-7631bb9c\" class=\"wp-block-themeisle-blocks-advanced-columns has-4-columns has-desktop-equal-layout has-tablet-twoColumnGrid-layout has-mobile-twoColumnGrid-layout has-vertical-flex-start\"><div class=\"wp-block-themeisle-blocks-advanced-columns-overlay\"><\/div><div class=\"innerblocks-wrap\">\n<div id=\"wp-block-themeisle-blocks-advanced-column-8f7db40c\" class=\"wp-block-themeisle-blocks-advanced-column\">\n<figure class=\"wp-block-image size-large\"><img decoding=\"async\" src=\"https:\/\/api.themeisle.com\/templates-data\/2023\/02\/ebf0233ced7259cf0838b7ba6d3aee07wr8f0ra9x9fnejxkn9vy\/images\/demo-business-gb-4.jpg\" alt=\"\" class=\"wp-image-52\"\/><\/figure>\n\n\n\n<div style=\"height:16px\" aria-hidden=\"true\" class=\"wp-block-spacer\"><\/div>\n\n\n\n<h3 class=\"wp-block-heading has-text-align-left has-base-color has-text-color has-link-color wp-elements-5b521c746656dadcea5d6b2cf92d5d2b\" style=\"margin-top:0px\"><strong>Der Mensch im Fokus<\/strong><\/h3>\n\n\n\n<p class=\"has-text-align-left has-base-color has-text-color has-link-color wp-elements-a0054e4767beb7fff9faee4beac0bc1e\">Bei Steadysign stehen Sie und Ihre Vision im Mittelpunkt. Ich h\u00f6re zu, verstehe Ihre Ziele und entwickle L\u00f6sungen, die perfekt auf Ihre individuellen Bed\u00fcrfnisse zugeschnitten sind \u2013 pers\u00f6nlich und ohne Umwege.<\/p>\n<\/div>\n\n\n\n<div id=\"wp-block-themeisle-blocks-advanced-column-d6cd11b2\" class=\"wp-block-themeisle-blocks-advanced-column\">\n<figure class=\"wp-block-image size-large\"><img decoding=\"async\" src=\"https:\/\/api.themeisle.com\/templates-data\/2023\/02\/ebf0233ced7259cf0838b7ba6d3aee07wr8f0ra9x9fnejxkn9vy\/images\/demo-business-gb-2.jpg\" alt=\"\" class=\"wp-image-50\"\/><\/figure>\n\n\n\n<div style=\"height:16px\" aria-hidden=\"true\" class=\"wp-block-spacer\"><\/div>\n\n\n\n<h3 class=\"wp-block-heading has-text-align-left has-base-color has-text-color has-link-color wp-elements-ca80a0a57fe978988ce088d80a60d3dd\" style=\"margin-top:0px\"><strong>Qualit\u00e4t ohne Kompromisse<\/strong><\/h3>\n\n\n\n<p class=\"has-text-align-left has-base-color has-text-color has-link-color wp-elements-b4096a268ba51ec9c957b536358170db\">Hochwertiges Webdesign bedeutet f\u00fcr mich Pr\u00e4zision in jedem Detail. Ich kombiniere modernste Technik mit einer sauberen Struktur, damit Ihre Website nicht nur heute gl\u00e4nzt, sondern auch morgen stabil und schnell bleibt.<\/p>\n<\/div>\n\n\n\n<div id=\"wp-block-themeisle-blocks-advanced-column-a02e1a90\" class=\"wp-block-themeisle-blocks-advanced-column\">\n<figure class=\"wp-block-image size-large\"><img decoding=\"async\" src=\"https:\/\/api.themeisle.com\/templates-data\/2023\/02\/ebf0233ced7259cf0838b7ba6d3aee07wr8f0ra9x9fnejxkn9vy\/images\/demo-business-gb-5.jpg\" alt=\"\" class=\"wp-image-53\"\/><\/figure>\n\n\n\n<div style=\"height:16px\" aria-hidden=\"true\" class=\"wp-block-spacer\"><\/div>\n\n\n\n<h3 class=\"wp-block-heading has-text-align-left has-base-color has-text-color has-link-color wp-elements-75916b82cd24cb94f343528bf4b290d3\" style=\"margin-top:0px\"><strong>Volle Hingabe<\/strong><\/h3>\n\n\n\n<p class=\"has-text-align-left has-base-color has-text-color has-link-color wp-elements-9b7802f305faa3c1facf750be8eead12\">Jedes Projekt behandle ich mit der gleichen Energie wie mein allererstes Spiel mit 16 Jahren. Ich brenne f\u00fcr technische Innovationen und gebe mich erst zufrieden, wenn Ihre Erwartungen nicht nur erf\u00fcllt, sondern \u00fcbertroffen wurden.<\/p>\n<\/div>\n\n\n\n<div id=\"wp-block-themeisle-blocks-advanced-column-0b2dc598\" class=\"wp-block-themeisle-blocks-advanced-column\">\n<figure class=\"wp-block-image size-large\"><img decoding=\"async\" src=\"https:\/\/api.themeisle.com\/templates-data\/2023\/02\/ebf0233ced7259cf0838b7ba6d3aee07wr8f0ra9x9fnejxkn9vy\/images\/demo-sites-business-27.jpg\" alt=\"\" class=\"wp-image-67\"\/><\/figure>\n\n\n\n<div style=\"height:16px\" aria-hidden=\"true\" class=\"wp-block-spacer\"><\/div>\n\n\n\n<h3 class=\"wp-block-heading has-text-align-left has-base-color has-text-color has-link-color wp-elements-d72ac66e953deb1fe06c915a5e0576f8\" style=\"margin-top:0px\"><strong>Echte Expertise<\/strong><\/h3>\n\n\n\n<p class=\"has-text-align-left has-base-color has-text-color has-link-color wp-elements-90d4fed1f59ef0f51a5bd40f944c5c37\">Fundiertes Wissen ist die Basis meines Schaffens. Als <strong>Bachelor of Professional Media (Fachwirt Medien)<\/strong> und <strong>gepr\u00fcfter Webdesigner (ILS)<\/strong> vereine ich strategisches Management mit handwerklicher Perfektion im Web.<\/p>\n<\/div>\n<\/div><\/section>\n<\/div>\n<\/div><\/section>\n\n\n<div class=\"kb-row-layout-wrap kb-row-layout-id21_664fa6-d6 alignfull has-theme-palette8-background-color kt-row-has-bg wp-block-kadence-rowlayout\"><div class=\"kt-row-column-wrap kt-has-1-columns kt-row-layout-equal kt-tab-layout-inherit kt-mobile-layout-row kt-row-valign-top\">\n\n<div class=\"wp-block-kadence-column kadence-column21_1c281c-c4\"><div class=\"kt-inside-inner-col\">\n<div class=\"wp-block-columns is-layout-flex wp-container-core-columns-is-layout-28f84493 wp-block-columns-is-layout-flex\">\n<div class=\"wp-block-column is-layout-flow wp-block-column-is-layout-flow\" style=\"flex-basis:50%\">\n<p><\/p>\n\n\n\n<div class=\"wp-block-group is-nowrap is-layout-flex wp-container-core-group-is-layout-6c531013 wp-block-group-is-layout-flex\">\n<h2 class=\"kt-adv-heading21_f562d1-e3 wp-block-kadence-advancedheading has-theme-palette-3-color has-text-color\" data-kb-block=\"kb-adv-heading21_f562d1-e3\">Der Funke der Leidenschaft (Start mit 16)<\/h2>\n<\/div>\n<\/div>\n\n\n\n<div class=\"wp-block-column is-vertically-aligned-stretch is-layout-flow wp-block-column-is-layout-flow\" style=\"flex-basis:50%\">\n<figure class=\"wp-block-image aligncenter size-full is-resized\"><img loading=\"lazy\" decoding=\"async\" width=\"899\" height=\"899\" src=\"https:\/\/henrys-spielplatz.nicolasgreulich.de\/wp-content\/uploads\/2026\/02\/WhatsApp-Image-2026-02-25-at-17.02.10-2.jpeg\" alt=\"\" class=\"wp-image-177\" style=\"aspect-ratio:0.9950248756218906;object-fit:cover;width:210px;height:auto\" srcset=\"https:\/\/henrys-spielplatz.nicolasgreulich.de\/wp-content\/uploads\/2026\/02\/WhatsApp-Image-2026-02-25-at-17.02.10-2.jpeg 899w, https:\/\/henrys-spielplatz.nicolasgreulich.de\/wp-content\/uploads\/2026\/02\/WhatsApp-Image-2026-02-25-at-17.02.10-2-300x300.jpeg 300w, https:\/\/henrys-spielplatz.nicolasgreulich.de\/wp-content\/uploads\/2026\/02\/WhatsApp-Image-2026-02-25-at-17.02.10-2-150x150.jpeg 150w, https:\/\/henrys-spielplatz.nicolasgreulich.de\/wp-content\/uploads\/2026\/02\/WhatsApp-Image-2026-02-25-at-17.02.10-2-768x768.jpeg 768w\" sizes=\"auto, (max-width: 899px) 100vw, 899px\" \/><\/figure>\n<\/div>\n<\/div>\n<\/div><\/div>\n\n\n\n<div class=\"wp-block-kadence-column kadence-column21_c81adc-85\"><div class=\"kt-inside-inner-col\">\n<p class=\"kt-adv-heading21_757a25-bd wp-block-kadence-advancedheading has-theme-palette-3-color has-text-color\" data-kb-block=\"kb-adv-heading21_757a25-bd\">Meine Reise in die Welt der Nullen und Einsen begann nicht erst im Studium. Bereits mit 16 Jahren programmierte ich mein allererstes Spiel und lernte fr\u00fch: Mit Code kann man Visionen zum Leben erwecken.<\/p>\n\n\n\n<h2 class=\"kt-adv-heading21_3ecff5-34 wp-block-kadence-advancedheading has-theme-palette-3-color has-text-color\" data-kb-block=\"kb-adv-heading21_3ecff5-34\">Akademische Professionalisierung<\/h2>\n<\/div><\/div>\n\n\n\n<div class=\"wp-block-kadence-column kadence-column21_f03b36-1a\"><div class=\"kt-inside-inner-col\">\n<p class=\"kt-adv-heading21_e2d440-c2 wp-block-kadence-advancedheading has-theme-palette-3-color has-text-color\" data-kb-block=\"kb-adv-heading21_e2d440-c2\"> Was als Hobby begann, wurde durch eine fundierte Ausbildung zum \u201eBachelor of Professional Media\u201c und die Zertifizierung zum gepr\u00fcften Webdesigner untermauert \u2013 mein Werkzeug f\u00fcr heutige H\u00f6chstleistungen.<\/p>\n\n\n\n<h2 class=\"kt-adv-heading21_50256d-60 wp-block-kadence-advancedheading has-theme-palette-3-color has-text-color\" data-kb-block=\"kb-adv-heading21_50256d-60\">2024: Die Gr\u00fcndung von Steadysign<\/h2>\n<\/div><\/div>\n\n\n\n<div class=\"wp-block-kadence-column kadence-column21_b39ef0-8f\"><div class=\"kt-inside-inner-col\">\n<p class=\"kt-adv-heading21_73cc74-2e wp-block-kadence-advancedheading has-theme-palette-3-color has-text-color\" data-kb-block=\"kb-adv-heading21_73cc74-2e\">Mit der Vision von \u201eNext Generation Technik\u201c wagte ich den Schritt in die Selbstst\u00e4ndigkeit. Mein Ziel: Weg von Standard-Websites, hin zu modernsten Frameworks und pr\u00e4zisem Web-Monitoring am Puls der Zeit.<\/p>\n\n\n\n<h2 class=\"kt-adv-heading21_473750-0c wp-block-kadence-advancedheading has-theme-palette-3-color has-text-color\" data-kb-block=\"kb-adv-heading21_473750-0c\">Heute: Ihr Partner f\u00fcr Webdesign und monitoring<\/h2>\n<\/div><\/div>\n\n\n\n<div class=\"wp-block-kadence-column kadence-column21_167e64-a5\"><div class=\"kt-inside-inner-col\">\n<p class=\"kt-adv-heading21_e90f28-64 wp-block-kadence-advancedheading has-theme-palette-3-color has-text-color\" data-kb-block=\"kb-adv-heading21_e90f28-64\">Seit den ersten gro\u00dfen Projekten im Jahr 2025 begleite ich Unternehmen dabei, digital nicht nur stattzufinden, sondern zu dominieren. Ich verbinde junge Energie mit professionellem Know-how f\u00fcr Ihre digitale Zukunft.<\/p>\n<\/div><\/div>\n\n<\/div><\/div>","protected":false},"excerpt":{"rendered":"<p>Ich bin Henry Kurz \u2013 Gr\u00fcnder von Steadysign Ihr Partner f\u00fcr die digitale Welt von morgen Der Funke der Leidenschaft (Start mit 16) Meine Reise in die Welt der Nullen und Einsen begann nicht erst im Studium. Bereits mit 16 Jahren programmierte ich mein allererstes Spiel und lernte fr\u00fch: Mit Code kann man Visionen zum [&hellip;]<\/p>\n","protected":false},"author":1,"featured_media":0,"parent":0,"menu_order":0,"comment_status":"closed","ping_status":"closed","template":"","meta":{"_themeisle_gutenberg_block_has_review":false,"footnotes":""},"class_list":["post-21","page","type-page","status-publish","hentry"],"_links":{"self":[{"href":"https:\/\/henrys-spielplatz.nicolasgreulich.de\/index.php\/wp-json\/wp\/v2\/pages\/21","targetHints":{"allow":["GET"]}}],"collection":[{"href":"https:\/\/henrys-spielplatz.nicolasgreulich.de\/index.php\/wp-json\/wp\/v2\/pages"}],"about":[{"href":"https:\/\/henrys-spielplatz.nicolasgreulich.de\/index.php\/wp-json\/wp\/v2\/types\/page"}],"author":[{"embeddable":true,"href":"https:\/\/henrys-spielplatz.nicolasgreulich.de\/index.php\/wp-json\/wp\/v2\/users\/1"}],"replies":[{"embeddable":true,"href":"https:\/\/henrys-spielplatz.nicolasgreulich.de\/index.php\/wp-json\/wp\/v2\/comments?post=21"}],"version-history":[{"count":14,"href":"https:\/\/henrys-spielplatz.nicolasgreulich.de\/index.php\/wp-json\/wp\/v2\/pages\/21\/revisions"}],"predecessor-version":[{"id":190,"href":"https:\/\/henrys-spielplatz.nicolasgreulich.de\/index.php\/wp-json\/wp\/v2\/pages\/21\/revisions\/190"}],"wp:attachment":[{"href":"https:\/\/henrys-spielplatz.nicolasgreulich.de\/index.php\/wp-json\/wp\/v2\/media?parent=21"}],"curies":[{"name":"wp","href":"https:\/\/api.w.org\/{rel}","templated":true}]}}